- -21 - (3 + -4).
8
Calculate (1 - -2 - -2) + -4.
1
Calculate (-2 - -4) + -4 + -1.
-3
What is the value of -1 + -7 + 6 + -1 - -7?
4
19 + -18 - (-1 - (-1 - 1))
0
Evaluate 14 - 18 - (-4 - (0 + 4)).
4
What is -8 + (4 - 2) + 1 + 2?
-3
Calculate 0 + 3 + 31 + -42 - -5.
-3
Calculate -1 + -5 + (1 - -1).
-4
Evaluate -1 + (-11 + 7 - -6).
1
What is 4 - (4 + -6 + 9)?
-3
(-1 - -2) + -10 + (-22 - -28)
-3
-2 - (-7 + 5 + -3)
3
(1 + -7 - -3) + 6 + -3
0
What is the value of 3 + (-5 + (0 - -3) - -2)?
3
Calculate 7 - (-8 - (2 - 16)) - -7.
8
Calculate 5 - (4 - (4 + -2)).
3
Evaluate (0 - 2) + -4 + 7 + -6.
-5
What is the value of (-8 + 7 - -1) + 1 + -1?
0
Evaluate 2 + (-4 - -4) - -3 - 9.
-4
What is the value of 2 + 3 + 1 + -2?
4
Calculate -1 + (6 - 6 - -3 - 6).
-4
What is the value of (0 - (-4 + -5)) + -7?
2
Calculate 4 - (1 - -3) - (-2 - 2).
4
2 - (2 - (4 + -5))
-1
What is the value of (9 - 13 - 5) + 5?
-4
Evaluate -8 - (-4 + (4 - 4)).
-4
What is 4 - ((4 - (-2 - -5)) + 2)?
1
What is the value of 3 - (-17 - -27 - (2 + 0))?
-5
What is -2 - -3 - (-1 - 4)?
6
16 - (0 + 5) - 8
3
Calculate 8 + -7 + 1 + (2 - -1).
5
What is (-2 - (-1 - 6)) + -7?
-2
6 + 7 + (-21 - -4)
-4
Calculate -14 - (-21 + 8) - (-2 + 1).
0
What is 2 + 10 + -3 + -6?
3
Calculate 35 + -33 - (1 + 1).
0
What is 4 + 1 + (0 - 4) - 5?
-4
What is -1 + 1 - (-3 - (-1 + -6))?
-4
(-6 - -2) + (-9 - -8)
-5
What is the value of (-1 - -3) + (0 - -1 - 0)?
3
1 - (0 + (-6 - -2))
5
What is (2 - 2) + -1 - -2?
1
27 + -20 + (-6 - 1)
0
Calculate (1 - (-4 + 4)) + -3 + 7.
5
Evaluate (6 + 2 - 2) + -3 + -1.
2
Evaluate (1 - (0 + 2)) + 4 - -2.
5
(-7 - -11 - 5) + 7
6
Calculate -7 - -8 - (3 + 0) - 2.
-4
-2 + 2 + -1 - 4
-5
What is the value of -11 + 2 - (14 + -24 + 3)?
-2
-29 + 30 - (2 - -3)
-4
2 + (-4 - (0 - (4 + 2)))
4
Calculate -21 + 10 + (9 - -2).
0
What is 12 + -20 + 7 + 2 + 2?
3
-1 - (12 + -9 - (2 - 1))
-3
0 + -1 - 6 - (-13 - -9)
-3
Calculate 0 - (-2 + (-1 - -6)).
-3
Calculate -1 - -5 - (-7 + 10).
1
What is the value of -3 - -2 - (-27 - -20)?
6
What is the value of (0 - -1) + 4 + -5 + -2?
-2
Calculate (1 - 0) + (6 - 0 - 5).
2
Calculate 4 + 1 + -4 + (-7 - -8).
2
What is the value of -2 - (-9 + -13 - -11)?
9
Calculate -59 + 48 - (-1 + -9).
-1
What is (3 + 2 - -2) + 0 + -2?
5
What is -6 + 2 + (10 - 6)?
0
Calculate -1 + -1 + (8 - 4).
2
Evaluate -1 - (-12 - (3 + -8)).
6
Calculate -5 + -1 + 65 + -59.
0
Calculate -2 + -5 + -21 + 22.
-6
What is 11 + (-5 - -1) + -3?
4
Evaluate 3 + (1 - (1 - -4)).
-1
Calculate -3 + -11 + 20 + 1.
7
(20 - 8) + -5 - 5
2
Calculate -6 + (-12 - -9) + -1 + 4.
-6
(0 - 0) + (3 - 2)
1
5 - ((2 - 4) + 3)
4
0 - (0 + 7 + -4)
-3
What is the value of 1 + (-3 - (-1 - (5 + 0)))?
4
Evaluate 2 + -1 + 0 - (38 - 44).
7
Evaluate 16 + (-11 - 2) + 0.
3
Evaluate -4 + (-2 - 2) + 13.
5
Calculate -1 + (7 - 3) - -1 - 3.
1
Evaluate -8 + (-4 - -3) + -1 + 7.
-3
Calculate -5 + (1 - -1) + -4.
-7
What is the value of 1 - (0 + 3) - -1?
-1
What is (-8 - -1) + -1 - -4?
-4
Evaluate 2 + -9 + 0 + 0 + 5.
-2
What is the value of 1 + (7 - 6) + -6 + 11?
7
Evaluate 2 - (5 - 8) - -2 - 3.
4
What is the value of 9 + -3 - (-1 + 5)?
2
What is the value of -5 + (-1 - 4) + 1 + 4?
-5
What is the value of (-5 - -12) + 1 + -5?
3
Evaluate (-4 - 2) + 3 + 8 + -9.
-4
Evaluate -1 - -1 - (4 - 2).
-2
What is 0 + -1 - (-1 - (3 + -7))?
-4
What is the value of 5 + (-7 + 1 - (-5 + 2))?
2
Calculate -3 + 0 + 1 + (-3 - -2).
-3
Evaluate -3 - (6 + -11 + 4 - 1).
-1
Evaluate 6 - (5 + -4 + (15 - 4)).
-6
Evaluate -1 + 9 - (49 - 45).
4
Evaluate 3 + 5 + 0 + -3 + -2.
3
0 - (-6 - (-15 - -2))
-7
(3 - -5) + -5 + (-1 - 2)
0
What is 6 + -12 + (8 - 2)?
0
Calculate -5 - (-22 + 10 + 2).
5
What is the value of -88 - -97 - (-1 - (0 - 1))?
9
What is (-7 - -3) + 4 - 2 - 0?
-2
(-3 - -5) + 0 + -2 + -5
-5
What is -8 - 5 - (9 + -27)?
5
Calculate (-3 - 3 - 6) + (1 - -3).
-8
Calculate 5 + 7 + (0 - 7).
5
What is -2 + (-1 - -5) + 1 + -5?
-2
Evaluate (2 - 0) + 5 + -4 + 2.
5
What is -2 + 4 - (-1 + 0 + 1)?
2
4 - -8 - (20 + -6)
-2
Evaluate 5 + 1 + -30 + 20 + 1.
-3
What is the value of 5 + (5 - 7 - 2) + 2?
3
What is the value of (3 - 7) + 2 - 3?
-5
Evaluate -3 + 3 + (-13 - -14).
1
What is the value of 0 + 2 - (4 - 1)?
-1
What is -1 - -1 - 2 - (392 + -386)?
-8
Calculate 2 - (1 + -2 + -1) - 2.
2
-6 - (2 + -4) - -4 - -5
5
1 + (2 - 1) - (-26 + 26)
2
What is the value of -4 + 1 - (11 - 10) - 2?
-6
What is 38 - 33 - (2 + -1)?
4
Calculate -17 - (-9 + 7 + -7).
-8
Evaluate -119 + 117 - (-5 - -2).
1
What is the value of -2 + -2 + (15 - (0 + 13))?
-2
Evaluate 9 + -20 + 0 + 5.
-6
Calculate -7 + 11 - (10 - 1) - 0.
-5
Evaluate 1 + -4 + 2 + 2.
1
What is 0 - ((1 - 3) + 5 + -3)?
0
What is 2 - (2 - 2 - 1) - 1?
2
-10 - -21 - (5 + 3)
3
Calculate -7 + (3 - -7 - 5).
-2
5 + -1 + (4 - (-2 + 10))
0
Evaluate -10 + 3 + -4 - -14.
3
Evaluate 0 + -1 - -3 - -6.
8
Calculate (2 - 2) + (91 - 80).
11
What is the value of 2 + -6 + -6 - -14?
4
What is the value of -16 - -1 - (-5 - (12 + -11))?
-9
-2 + -5 + 1 + 1
-5
Calculate 2 + 3 + -6 + 4.
3
Calculate -6 + 0 + (4 - 6) + 4.
-4
What is -10 + -3 + 18 + 3?
8
Calculate 0 - 2 - (5 + -7).
0
What is 19 + -16 - (3 + 1) - 4?
-5
What is (-3 - (-2 - 4)) + (0 - 7)?
-4
What is the value of -2 + 6 - (1 - (-7 + 5))?
1
Evaluate 0 + -1 + (-10 - -9).
-2
Calculate 1 + -1 - (22 - 18) - -10.
6
(7 + -4 - 22) + 12
-7
Evaluate -3 + 2 - (-4 + 6 - -2).
-5
-4 - ((-4 - -4) + -1)
-3
Evaluate (-7 - (1 + -9)) + -1.
0
What is (18 - (4 - -9)) + -9?
-4
Evaluate 32 + -35 - (2 - 3 - -1).
-3
What is (-1 - (-3 - -8)) + 10?
4
(-3 - (2 + -5)) + -3
-3
Evaluate -4 - (0 + -5 + 6) - 1.
-6
What is (15 - 6 - 0) + -3 + -1?
5
Calculate (0 - 0) + -4 + -5 + 10.
1
Evaluate (0 - 1) + -6 - (-6 + 3).
-4
What is -6 + 4 + (-10 - -15)?
3
Evaluate -19 - 0 - (-18 - -9).
-10
Calculate -5 - ((4 - 4) + -1).
-4
Calculate 12 + -10 + -2 + -1.
-1
Calculate 0 - (0 + -6 - (-28 + 28)).
6
0 + -3 + (-4 - -5) - -1
-1
What is (1 - 1) + 6 + -11?
-5
Evaluate 0 + 10 + -4 - (0 - 1).
7
What is the value of (-5 - -2) + -1 - (-1 + -1)?
-2
Evaluate -3 + 4 - 6 - -6.
1
What is the value of (43 - 49) + (2 - 0) - -7?
3
Calculate 0 - (-9 - -3 - -2) - 5.
-1
What is 31 - 28 - ((0 - -2) + 1)?
0
Evaluate -2 + (-3 - -1) - (29 + -29).
-4
Evaluate (-9 - (-22 + 4)) + -10.
-1
Calculate 4 - ((-4 - -15) + -2) - -1.
-4
What is -4 + 2 - (3 - -2 - 4)?
-3
What is -25 + 26 + (3 - 0)?
4
What is 3 - 3 - 3 - (5 + -8)?
0
What is 7 - (3 - 5 - 1)?
10
What is the value of -5 - ((11 - 15) + 8)?
-9
-1 - (-1 + 5) - (3 - 4)
-4
What is the value of -5 - ((-2 - 2) + 5) - 3?
-9
Calculate -15 + 1 - (78 + -92).
0
-7 - (-1 - 1 - 5)
0
What is the value of (38 - 47) + 2 + 0?
-7
-15 + 7 + 17 + -14
-5
Calculate 3 - (3 + 1 - 4) - -1.
4
Calculate -4 - 0 - (5 - 2 - 9).
2
-5 + (-1 + (5 - -2) - 6)
-5
3 - ((-2 - -2) + (-2 - -6))
-1
Evaluate -1 - (4 + 13 + -6 + -2).
-10
2 + -2 + -3 + (6 - 4)
-1
14 - ((14 - -5) + -13)
8
-3 + (-8 - (-7 - (1 + -4)))
-7
-6 + (4 - 6) + 13
5
Evaluate (-4 - (17 + -6)) + 10.
-5
What is -8 - (2 - (4 + 10))?
4
What is the value of 6 - (8 + -2 + -1 - 1)?
2
Calculate -5 + (5 + 0 - 0).
0
Calculate 1 - (-8 + 18 + -11).
2
Evaluate (-2 + (3 - 2) - -2) + 4.
5
What is the value of (2 - (0 - -4)) + -1 + 5?
2
Calculate -3 - (-4 + (4 - 1)).
-2
What is 5 + -14 + -6 + (4 - -2)?
-9
Evaluate -10 - (-11 - -7) - (-4 + 0).
-2
5 + (-3 - -5 - 5)
2
Calculate 77 + -74 + (2 - -2) + -1.
6
What is the value of -5 + -5 + (-3 - -8)?
-5
What is 0 + 7 + (-1 + -3 - -2)?
5
What is -18 + 21 - (3 + -2 + -3)?
5
What is -5 + 3 + (0 - -1)?
-1
Evaluate -2 + 5 + 7 + -8.
2
What is -7 - (-9 - (10 + -11))?
1
-13 + 9 + 0 + 0
-4
What is -1 + -9 - -14 - 4?
0
What is the value of 1 + 0 + 1 + -5 + 2?
-1
Evaluate -11 - -14 - (0 + -2 - -3).
2
What is 2 - ((-3 - -7) + 3)?
-5
Evaluate 7 + (-24 - (-8 + 0) - -8).
-1
What is the value of -1 + 0 + (-1 - -3) - -1?
2
Calculate 13 - 4 - (-13 + 6 + 7).
9
Evaluate -1 + 7 - 2 - 2.
2
0 + -2 + 2 - (-1 - -6)
-5
What is the value of -3 + 1 - (5 - 3)?
-4
1 - 3 - (1 - (-4 - -4))
-3
(-38 - -41) + -8 + -1
-6
What is (5 + 1 - 2) + 10 + -5?
9
Calculate (6 - 6) + 8 + -3.
5
-1 - 0 - ((-2 - -6) + -4)
-1
Calculate (-6 - (-16 - -5)) + -2.
3
What is 4 + (-6 - (-1 - -1)) + 3?
1
1 + 1 + -2 - (-24 + 23)
1
Calculate 2 + 9 + (18 - 23).
6
What is the value of 2 - (3 - (3 + -3) - 5)?
4
Evaluate (-1 - -6) + 1 + -13 - -1.
-6
Calc